/(-203) - 776/(-14). What is the highest common factor of m and 16?
8
Let t = 80 + -72. Let r(k) = 4*k - 23. Let a be r(t). What is the highest common factor of a and 45?
9
Let b = -98 - -104. What is the highest common divisor of 102 and b?
6
Suppose -18*o + 3887 + 2197 = 0. What is the highest common divisor of 26 and o?
26
Suppose -21*n + 12*n + 630 = 0. Calculate the greatest common factor of n and 595.
35
Let b be 11 + -11 - 4/(-1). Suppose i = -b - 2. Let l be ((-2)/5)/(i/210). Calculate the highest common divisor of 154 and l.
14
Let v = -111 + 124. Calculate the highest common divisor of v and 221.
13
Let t = 217 + -177. What is the greatest common divisor of 440 and t?
40
Let n = 0 - -5. Suppose -2*z + q + 18 = z, 5*q = 5*z - 40. Suppose -z*c + c + 60 = 0. Calculate the highest common divisor of c and n.
5
Let o be 28325/121 - (-4)/(-44). Calculate the highest common divisor of 18 and o.
18
Let t be (-1 + (-2)/(-4))*-22. Let s = -48 + 70. Calculate the greatest common divisor of t and s.
11
Let u(n) = -n**3 + 25*n**2 - 42*n - 59. Let s be u(23). What is the greatest common factor of s and 33?
33
Let z(n) = -20*n - 17. Let y be z(-8). Let h = 33 - 20. Calculate the greatest common divisor of h and y.
13
Suppose 4008 = 29*r + 1398. Calculate the highest common factor of 1260 and r.
90
Let r = -141 - -198. What is the highest common factor of r and 133?
19
Suppose 2*r - 2*f = 16, -4 = 4*f - 2*f. Suppose 31 = r*q - 29. Calculate the highest common factor of q and 10.
10
Suppose -2 = 3*u - 5. Let j be (9/12)/(u/12). Calculate the highest common factor of j and 1.
1
Let m be (2/3)/((-2)/(-3)). Let g = m + 2. Calculate the greatest common divisor of g and 6.
3
Let k = 19 - 2. Let c = -29 - -97. Suppose -3*p = x - 190 + c, p + 475 = 4*x. What is the highest common factor of x and k?
17
Let j = 2704 - 2703. Suppose 4*h - 2 = 2*h. Calculate the highest common divisor of j and h.
1
Let f = -180 - 493. Let d = -288 - f. What is the greatest common divisor of 35 and d?
35
Let o be 58/5 + -14 + (-1005)/(-75). Suppose -5*c - 255 = -4*q - q, -2*q = -c - 106. Calculate the greatest common factor of q and o.
11
Suppose 0 = 10*t - 8*t - 4*q + 6, -3*q = -2*t - 3. Let j be -1 - (0 - 5*2). Calculate the greatest common factor of t and j.
3
Let p(g) = -g**3 - 10*g**2 + 10*g - 8. Suppose 4*c - 2*t = 3*t - 39, -c - 3*t = 14. Let r be p(c). What is the highest common factor of r and 33?
3
Let m = 920 - 909. Let b be 1/2 - (-261)/6. What is the highest common factor of b and m?
11
Let g be (-14)/(-4) - 6/4. Let w = g - -4. Suppose -4*n - 7 + 1 = 5*y, -5*n - 14 = 3*y. Calculate the greatest common divisor of w and y.
2
Let o(q) = -11*q - 197. Let l be o(-31). Let z = -3 + 6. Suppose 31 = 2*n - m, -3*n + 30 = -z*m - 9. What is the greatest common factor of n and l?
18
Suppose -15 = -4*j + 5*p, -4*j - 15 = 2*p + 3*p. Suppose 0 = 5*z - 3*s - 115, j = -z - 4*z + s + 125. What is the highest common divisor of z and 13?
13
Let u(c) = 29*c**2 + 17*c - 14. Let k be u(-6). Calculate the highest common divisor of 64 and k.
32
Let x(a) = -7 - a**2 + 0 + 3 - 7*a. Let c be x(-6). Let t(d) = -2*d - 2. Let j be t(-5). What is the greatest common divisor of c and j?
2
Let j = 475 + -268. Suppose -380 = -2*u - 4*g, -4*g - j - 673 = -5*u. Suppose 0*l + u = 3*l. Calculate the highest common factor of 40 and l.
20
Let u(a) = -a + 30. Let n be u(0). Let v = 13 + -8. Suppose v*i = n - 5. What is the highest common divisor of i and 5?
5
Let f be 1838/8 - 6/(-24). Calculate the greatest common factor of f and 1725.
115
Let y(w) = 3*w**3 + 51*w**2 - 29*w - 29. Let g be y(-17). Calculate the highest common factor of g and 64.
16
Let g(f) = f**3 + 16*f**2 - 6*f - 13. Let y be g(-16). What is the greatest common factor of y and 249?
83
Suppose 2*k = 2*q + 16, -4*k - 4*q = -0*k. Suppose 0 = 3*d, 5*d = -2*t + 3*t - 6. Calculate the highest common factor of t and k.
2
Let b be ((-256)/240*5)/(2/(-12)). Let f be (-2)/8 + 61/4. Let g be 5*3*4/f. What is the highest common factor of b and g?
4
Suppose -2*v + 22 = -t, 0 = 37*v - 36*v + 2*t - 16. Calculate the highest common divisor of 42 and v.
6
Let d(l) = 8*l**2 - 2*l - 1. Let g be d(-1). Let h = -9 + g. Suppose 0 = -h*p - 5*p + 70. What is the greatest common divisor of p and 56?
14
Let b = 21 + -13. Let w(s) = -44*s + 660. Let m be w(13). Calculate the greatest common divisor of m and b.
8
Suppose w = 3*r + 125 + 7, 4*w - 556 = 5*r. Calculate the greatest common factor of w and 9.
9
Suppose -u - 3*u = -792. Suppose -u = -5*p + 2*p. Suppose 0*n = -3*n + 33. Calculate the highest common factor of p and n.
11
Let x = 8 - 26. Let q be (-113)/(-5) + 8/20. Let o = x + q. What is the highest common factor of 40 and o?
5
Suppose -14*w - 443 = -1255. Calculate the greatest common factor of w and 986.
58
Let f(g) = -25*g**3 + g. Let v be f(-1). Let x be 9/4*48/9. What is the highest common factor of x and v?
12
Let a(p) = -p**2 - 17*p + 4. Let k be a(-12). Let q be 2/(-3) + k/(-12). Let v be (q/(-9))/(10/15). Calculate the highest common divisor of v and 3.
1
Let r(a) = 2*a - 5. Let o be r(5). Let u(b) = 5*b**2 - 3*b + 7. Let t be u(o). Suppose 111*m - 52 = 107*m. What is the greatest common factor of m and t?
13
Suppose 13*t - 476112 = -91*t. Calculate the highest common divisor of 42 and t.
42
Suppose 4*j - 2798 = -5*l, -43*l - 693 = -j - 41*l. What is the highest common divisor of j and 17?
17
Suppose 0 = 5*v - 2*n - 38 - 58, -2*v + 5*n = -51. Let z be (-60)/v*((-738)/4)/3. What is the highest common divisor of z and 82?
41
Let w = 270 + -174. Calculate the highest common divisor of w and 240.
48
Suppose 3*f - 5*r - 761 = 0, 0 = 3*f + 5*r - 0*r - 721. What is the greatest common divisor of 95 and f?
19
Suppose 0 = -p + 2*p - 251. Let o = p + -161. What is the greatest common factor of o and 18?
18
Let d = -373 + 399. Let x(t) = -3*t**3 - 4*t**2 - 3*t - 4. Let i be x(-5). Calculate the highest common factor of i and d.
26
Let y = 1221 - 813. Calculate the highest common factor of 51 and y.
51
Let y be 5 + 0 + -3 + 1/1. Let x(g) = 7*g - 4. Let f be x(4). Suppose -5*q + 45 = -4*p, -2*p + 21 + f = 5*q. What is the greatest common factor of y and q?
3
Let p be (1702/(-4))/(-6 + 77/14). Calculate the highest common factor of 74 and p.
37
Suppose -4*k + 439 = -1073. What is the highest common divisor of k and 27?
27
Suppose 12*i + 40 = 22*i. Suppose 5*z + 5*b - 35 = 0, -7*z + i*b + 44 = -5*z. What is the greatest common factor of z and 15?
3
Let z = -455 + 1972. Calculate the greatest common divisor of 41 and z.
41
Suppose 2*f + 5*n = 4*n, -5*n = 20. What is the highest common factor of f and 2?
2
Suppose 2*x = -2*x + 160. Suppose -x = -3*p - 2*p. Let w be 2/p + 57/12. Calculate the highest common factor of 1 and w.
1
Let v = -10 - -21. Let h be 11 + -5 + (6 - 1). What is the highest common factor of v and h?
11
Suppose 39 = 2*n + 5*b, -n = -3*n + b + 45. Let q(a) = -20*a - 85 - 3*a**2 + 90 + a. Let t be q(-6). Calculate the highest common divisor of t and n.
11
Let c = 217 - 172. What is the greatest common divisor of c and 15?
15
Let t be (-18)/12*(-44)/6. Suppose 2*y = -m + 44 - 15, 4*m - 126 = -3*y. Calculate the highest common factor of t and m.
11
Suppose 14*c = 12*c + 156. What is the greatest common factor of 429 and c?
39
Let f = 26 + -30. Let j(h) = h**2 + 3*h + 1. Let b be j(f). What is the greatest common factor of 35 and b?
5
Let y = 6 + -3. Suppose 62 = 5*f - y. Calculate the greatest common divisor of 104 and f.
13
Suppose v = 3*v - 18. Let y(c) = -440*c + 36. Let h be y(0). What is the greatest common divisor of h and v?
9
Suppose 11*d = -3*d + 868. What is the highest common factor of d and 2?
2
Suppose 0 = j + 5 - 10. Suppose 0 = -17*z + j*z + 144. Calculate the greatest common factor of z and 36.
12
Suppose 30*d - 408 = 24*d. What is the highest common factor of 1870 and d?
34
Let h(m) = -m**2 - 9*m - 5. Let z be h(-8). Suppose z*i = -186 - 9. Let a = i + 160. What is the highest common divisor of 38 and a?
19
Let k = 848 + -833. Suppose 0 = 3*m - 2*g - 8, m + 5*g + 5 = 6*m. Let x be (-358)/(-3) + 4/m. What is the greatest common factor of x and k?
15
Let c = -24 - -108. Suppose -21 = 3*s - c. Calculate the greatest common divisor o